 the value of (1 - 39) + (-1795 - -1833)?
0
What is -5 + -1 - (26 + -43 + (1 - -1))?
9
1 + -2 + 20 + 19 + -50 - -9
-3
(35 - (113 + -25)) + 195
142
(20 - 30 - -21) + (-162 - (-4 + -4 + 0))
-143
What is 59 - 2 - (-74 - -50 - (-32 - -6))?
55
50 - (-30 - (-49 - 53))
-22
Evaluate -5 + 28 + 23 + -15.
31
What is the value of -11 + 0 - (21 + (-20 - -12) + -9)?
-15
Evaluate -8 - (73 - ((22 - 20) + -1)).
-80
What is -12 - (-15 + -65) - 132?
-64
What is (-3 - -19) + -5 + (860 - 830)?
41
-1 + -2 + (98 - 121 - (12 - 105))
67
Evaluate (-1 - 2) + 2 - (7 + -23 + -16 + 13).
18
Calculate -16 - (22 - 79 - -48).
-7
-63 + 61 - (-7 - (-30 - -12))
-13
What is -30 - ((112 - 107) + (1 - 16) - -8)?
-28
-1 + ((3 - 18) + 5 - -18) + -50 + 0
-43
Calculate 22 - ((-11 - 24) + 12) - 6.
39
Evaluate (109 - (21 - 48)) + -127.
9
Calculate 56 + 28 + -52 - 51.
-19
Calculate -24 - 0 - ((102 - 110) + (20 - -2)).
-38
Calculate (4 - -5 - 36 - -23 - (-1 - 0)) + 24.
21
What is the value of 51 + (11 + 58 - 160)?
-40
Evaluate -70 + -71 + 185 + 10.
54
Calculate -9 + (8 - -6) - (20 - 44).
29
What is (-70 - (-84 + -65)) + -182?
-103
Calculate -60 + (-63 - (29 + 17 + -80)).
-89
What is the value of (-10 - 34) + 21 + -10 + -16?
-49
Calculate 67 + (-63 - -31) + -17.
18
What is 8 - (-16 + 8 - -22 - (-12 + 2 + 4))?
-12
What is the value of (-10 - -1) + 5875 + -5763?
103
108 + (6 - 53) - -10
71
Calculate (5 - -23) + -2 - (-50 + 169).
-93
Evaluate 31 + (21 - (-10 + 39 + -15)) + -15.
23
What is the value of (374 - 229 - 265) + (-6 - -1) + 0?
-125
Evaluate 63 - (60 + 11) - -66.
58
What is 5 - (46 - 4) - (-3 + 4) - (4 - 0)?
-42
-40 - (-188 + -73 + 101)
120
What is (-46 - (169 + -176)) + (-76 - 1)?
-116
(-520 - -482 - (2 + -14 + -2)) + 8 + 7
-9
What is the value of -16 + 2 + (-2 + -5 - (-24 + 4))?
-1
What is 7 + 1 + (-4 - 1) - 67 - (-1029 + 1033)?
-68
Evaluate -3 - -32 - (-33 + (-6 - -61)).
7
What is the value of -92 + -5 + (3 - (-5 - -1)) + (41 - 45)?
-94
-3 - -9 - 0 - 2 - (0 - (-4 - 2))
-2
2 + -84 + -7 + -14 + 18 + 11
-74
Evaluate 23 + -4 + -3 - (267 + -303).
52
Calculate 23 + -3 + (22 - 48) + -21.
-27
What is (27 - (9 - 14) - 1) + (84 - 80)?
35
Evaluate -48 + 3 + -5 + (-50 - -64).
-36
31 + (30 + 10 - 44 - (12 - 2))
17
What is the value of 2 + (-17 - (-3 + -8 + 4)) + 2 + 0?
-6
Calculate 4455 + -4498 + 39 + 0.
-4
Calculate (10 - 1) + -109 + 114 + (-17 - -40) + 31.
68
Evaluate 34 + (136 - 157) + 2 + 20.
35
What is -2162 + 2142 - (-1 - (-2 + 49))?
28
What is the value of 82 + -68 + (29 - 56)?
-13
Calculate (11 - 3) + (-32 - (14 + -19 + 17 + -16)).
-20
What is (-25 - (-81 + 31)) + 33 - 31?
27
What is the value of -46 - (-10 + 10) - -90?
44
What is the value of -18 + (89 - (47 + 16))?
8
Calculate -67 - ((-14 - -44) + 9 - 24).
-82
Evaluate 32 - (0 + -4 - (-29 - -27)) - 7.
27
What is (7 - 25) + 12 - (2 + 5 + 6)?
-19
What is the value of (1 - -30 - 115) + 109?
25
Evaluate -8 + -11 + (-41 - 0 - (-31 + 18)) + -1.
-48
What is the value of -3 + -4 + 43 + -31 - 12 - 13?
-20
What is 12 - (47 - (-9 + 24)) - -2?
-18
Calculate -1 + (97 - (37 - -19)).
40
What is the value of -79 - (-34 + 18) - -57?
-6
What is the value of (-11 - -7) + (-9 + -18 - -23 - (31 + 1))?
-40
Calculate -155 + 165 - (4 + -9 - (-105 + 2)).
-88
What is the value of 98 + 96 + (-3 - 85)?
106
(78 - (101 + -12)) + 16
5
Calculate (7 - (12 - 16)) + -6 - (0 + 1).
4
Calculate 27 + -17 - (4 + -3 + 0 - 2 - 9).
20
What is (19 - (1 + -2)) + (-66 - (51 + -126))?
29
What is 14 + (25 - (-11 + 18 + -6)) + 0?
38
What is -27 + (-94 + 5 - -52) - (0 + (-1 - 0))?
-63
-29 + 24 + ((0 - 2) + 6 - 6)
-7
Calculate 5 + (46 - (102 + -9)).
-42
What is the value of (-95 - (-3 - -12)) + -10 - (-15 - -25)?
-124
Evaluate (0 + 0 - 7) + (153 - (-98 - -277)).
-33
What is the value of 26 - 1 - (1627 - 1594)?
-8
Calculate (67 - -1 - 0 - (-21 - -33)) + (4 - 14).
46
What is (0 - (25 + -3)) + (-12 - (-3 - 35))?
4
3 + (-24 - -14 - 8) + 22
7
(17 - (-10 - (-21 - -16))) + (6 - 1)
27
Evaluate -16 + (16 - 18) + (15 - 9) - (1 - 4).
-9
4 + 68 + -122 + -9 + -2 + 1
-60
Calculate -5 + 4 + 9 + 850 + -848.
10
What is the value of (45 - 50) + -28 + 24 - 22?
-31
Evaluate 10 - (30 + (-3 - 6)) - (-1 - -4 - 19).
5
What is the value of (1620 - 1617) + (1 + -6 + -1 + 3 - 20)?
-20
What is the value of (2 + 38 + -6 - -21) + -1 + 16?
70
(105 - 66) + -46 - 17
-24
(34 + 65 - 71) + -7 + 12 + 4
37
12 - ((19 - 38) + 3 - -79)
-51
What is 26 - (149 + 90 + -143)?
-70
What is the value of -1299 + 1335 - (-3 - (-17 - -2))?
24
Calculate -14 + (11 - (13 - 6 - -21)).
-31
What is the value of 76 + -74 + 62 - 40?
24
0 + 19 - (411 - 386) - -52
46
What is the value of 41 + (-33 - 22) + -9?
-23
408 + -355 + -1 + -35
17
(22 + 2 - (8 + 4) - 5) + -45
-38
33 + (-11 + 14 - -28) + -2
62
What is the value of (-16 - -15) + (4 - 15) + 3 + 0 + -60?
-69
Calculate 45 - (-22 + 1 + 13 - (-14 - (3 + -4))).
40
What is -14 + -39 + 40 + -81 + -3?
-97
178 + -200 - (-63 - -6)
35
Evaluate 110 - ((34 - ((32 - 38) + 32)) + 0 + 1).
101
What is 40 - 3 - ((8 - (6 - (-1 + -2))) + 1)?
37
What is the value of 46 - (65 + -52 - -65)?
-32
What is (33 - (34 - (14 + -16 + 20))) + -60?
-43
What is 64 + -91 - (-22 + 1) - -23?
17
Calculate (-1053 - -988) + (8 - 0 - 2) + 10.
-49
What is the value of 29 + -71 - (-107 - -84)?
-19
What is the value of (-1 + 0 - (-14 + (13 - 26))) + 0 - 9?
17
Evaluate 16 + (-68 + -2 - (3 + 43 + -60)).
-40
What is the value of 0 - 3 - 7 - -20 - 25?
-15
What is 43 - (0 - -3) - (82 - 103 - (-16 - -6))?
51
Calculate (6247 - 6209) + (-85 - 2).
-49
Calculate 2 + (-864 - -805) + (1 - -10) - 4.
-50
Calculate -12 + (-11 - 9 - (-30 + 51)).
-53
Calculate -27 + (50 - 36 - -30).
17
(-26 - (-22 + 1 + 11)) + 10 - -22
16
What is (-41 - 16 - -106) + 44?
93
What is the value of 70 + 104 + -78 + 3 + 0?
99
89 - -32 - 122 - (0 - 29)
28
What is the value of -49 - (12 - (81 + -33))?
-13
What is 2 + 3 + (3658 + -3657 - (1 + (-9 - 2)))?
16
-1953 - -1984 - (-1 + 67)
-35
-99 - (-62 - (17 + -78))
-98
(1 + 0 - 8) + (-63 - 0 - (-3097 - -3036))
-9
-14 + 21 + -14 + -22 + -10
-39
(0 - -21) + 5 + 48 + -19 + -29
26
What is -1 + 100 + 0 + (-193 - -182) - (-8 - 0)?
96
Calculate -45 - (-1347 + 1355 + (-1 - (-5 + 1))).
-56
What is (19 - -71) + -31 - 34?
25
What is the value of -11 - -20 - -6 - (-141 - -92)?
64
What is the value of 15 + -20 + 10 + (-15 - -14) - 42?
-38
-36 - (-6 + -8 + 11 + 16)
-49
Calculate (-50 - 9) + -8 + 7 - (3 + 4).
-67
What is -34 - (-1 - -1) - ((-80 - -49) + 37)?
-40
Calculate 16 - (3 - 1) - -3 - 15.
2
Calculate -20 + 25 - -37 - (20 - 4).
26
(55 - (87 + -32)) + -8
-8
What is the value of 37 - (13 + -37 - -106)?
-45
Evaluate 24 + -3 + -10 + 26 - -17.
54
-59 + (54 - (102 + -140))
33
What is the value of (2 - 1 - -5) + (143 - 98) + -71?
-20
147 - 41 - 52 - 4
50
What is -10 - (-22 + (20 - 8) + (29 - -16))?
-45
What is the value of (-2 - (-4 - -4) - -57 - (16 + -12)) + 3?
54
Evaluate -153 - (71 + -133 + -64).
-27
What is (-3 - -124) + (31 - (-44 - -57) - 7)?
132
What is (-198 - -117) + (-14 - -62)?
-33
Calculate 0 + (-37 - -18) - -5 - -88.
74
What is the value of 30 - -71 - 43 - (3 - 1 - (9 - 1))?
64
Evaluate (9 - 29) + 16 + 34 - 67.
-37
Calculate 19 + (3 - 10 - (-14 - -27)).
-1
-25 + 39 + -13 + -30 + -1 + -3
-33
-24 + (120 - (77 - 11))
30
Calculate -19 + 17 + -22 + 15 + -1 - (5 + -39).
24
30 + -30 + (0 - ((-3 - -4 - 4) + 38))
-35
1 + -7 + (-21 - (10 - 22)) + 25
10
Evaluate -54 - (-6 + 10 + -14 + 1 + 10).
-55
Evaluate 30 + -49 + 25 - 44.
-38
Evaluate -15 + -17 + 28 + 60 - 26.
30
What is (63 - 276 - -125) + 201?
113
-19 + 20 + -8 + 122 - (16 + -37 + 16)
120
What is -11 + 157 + -45 + -19?
82
What is the value of -7 - 4 - ((48 - -72) + (10 - 49))?
-92
Evaluate 10 - -24 - (203 - 154).
-15
What is the value of 1 - 9 - 1 - ((-773 - -758) + 0 + -1)?
7
Calculate (129 - 1) + (-38 + 55 - 70 - -35).
110
What is the value of 96 + -87 + (-1 - 5) + (53 - 0)?
56
What is (0 - 10) + -8345 + 8402?
47
Evaluate 3 + -34 - (2 - (4 + -5)).
-34
Calculate 3 + -2 + 10 - (54 + -71 + 7).
21
Calculate 17 + (90 - (-131 - -121)).
117
-25 - (4 + (-32 - -17)) - (1 - 62)
47
Evaluate 6 - ((-48 - -20) + 51).
-17
What is -17 + 2 - 4 - (-81 + 31)?
31
Calculate 3 + 4 - (8 - (-8 + (-1 - 2 - -88))).
76
What is (25 - (23 - 9)) + (-7 - -2) + -3?
3
What is the value of -16 - -87 - 38 - 64?
-31
8